s 2 divide 15970?
True
Is 36 a factor of 22042?
False
Is 5 a factor of 534?
False
Is 51 a multiple of 17?
True
Does 126 divide 6552?
True
Is 2006 a multiple of 33?
False
Is 73657 a multiple of 13?
False
Is 816 a multiple of 16?
True
Is 26 a factor of 9594?
True
Is 134 a factor of 10586?
True
Does 59 divide 3422?
True
Is 13 a factor of 12129?
True
Is 1013 a multiple of 48?
False
Is 100 a multiple of 25?
True
Is 12 a factor of 4448?
False
Is 67917 a multiple of 28?
False
Does 22 divide 3633?
False
Is 190 a multiple of 95?
True
Is 39 a factor of 3578?
False
Does 57 divide 28443?
True
Is 10 a factor of 63730?
True
Is 22268 a multiple of 74?
False
Does 102 divide 1370?
False
Is 14960 a multiple of 55?
True
Is 4 a factor of 114?
False
Is 27 a factor of 61?
False
Is 724 a multiple of 5?
False
Is 115 a multiple of 4?
False
Is 216 a factor of 71280?
True
Is 1336 a multiple of 8?
True
Does 413 divide 54516?
True
Is 18 a factor of 654?
False
Is 28296 a multiple of 18?
True
Is 6 a factor of 7788?
True
Is 39 a factor of 5031?
True
Does 5 divide 587?
False
Is 7 a factor of 23920?
False
Is 46 a factor of 3910?
True
Is 30 a factor of 831?
False
Is 160 a multiple of 8?
True
Is 186 a factor of 63256?
False
Is 4 a factor of 80?
True
Does 15 divide 19725?
True
Does 44 divide 10621?
False
Is 12882 a multiple of 38?
True
Is 43 a multiple of 8?
False
Is 45 a factor of 45?
True
Is 11980 a multiple of 10?
True
Is 33 a factor of 13484?
False
Is 4 a factor of 2049?
False
Is 73 a factor of 2496?
False
Is 12 a factor of 72?
True
Does 59 divide 4793?
False
Does 18 divide 3274?
False
Does 60 divide 797?
False
Is 27 a factor of 3483?
True
Is 7742 a multiple of 14?
True
Is 1605 a multiple of 7?
False
Is 5551 a multiple of 128?
False
Does 42 divide 2241?
False
Is 9 a factor of 585?
True
Is 1827 a multiple of 21?
True
Does 27 divide 1670?
False
Does 255 divide 39005?
False
Does 10 divide 509?
False
Is 421 a multiple of 12?
False
Does 5 divide 23710?
True
Is 396 a multiple of 44?
True
Does 6 divide 19667?
False
Does 14 divide 146?
False
Is 2610 a multiple of 45?
True
Does 8 divide 2709?
False
Is 25 a factor of 2275?
True
Does 9 divide 423?
True
Is 45 a multiple of 5?
True
Is 3064 a multiple of 19?
False
Is 2063 a multiple of 4?
False
Does 9 divide 28494?
True
Is 18 a factor of 3186?
True
Is 20435 a multiple of 134?
False
Is 3393 a multiple of 9?
True
Does 9 divide 56?
False
Is 31792 a multiple of 251?
False
Does 111 divide 24642?
True
Is 2317 a multiple of 116?
False
Is 7 a factor of 53317?
False
Does 7 divide 644?
True
Does 259 divide 43512?
True
Does 91 divide 7007?
True
Is 875 a multiple of 7?
True
Does 5 divide 5414?
False
Does 58 divide 24657?
False
Does 10 divide 15527?
False
Does 8 divide 6008?
True
Is 2268 a multiple of 63?
True
Does 44 divide 1056?
True
Is 701 a multiple of 28?
False
Is 1560 a multiple of 40?
True
Is 12384 a multiple of 72?
True
Is 20090 a multiple of 49?
True
Is 17 a factor of 1980?
False
Is 102 a factor of 4590?
True
Does 9 divide 243?
True
Is 16 a factor of 1984?
True
Is 7242 a multiple of 213?
True
Is 118 a multiple of 59?
True
Is 45091 a multiple of 4?
False
Is 7343 a multiple of 4?
False
Is 143 a factor of 8294?
True
Is 20 a factor of 3950?
False
Is 438 a multiple of 9?
False
Is 14024 a multiple of 34?
False
Is 74 a factor of 24839?
False
Is 2205 a multiple of 21?
True
Is 26 a factor of 728?
True
Is 91 a factor of 218?
False
Is 18 a factor of 58950?
True
Is 13 a factor of 11406?
False
Is 100892 a multiple of 23?
False
Does 29 divide 600?
False
Is 11 a factor of 13189?
True
Is 420 a multiple of 42?
True
Is 32 a multiple of 3?
False
Is 79 a factor of 438?
False
Is 1231 a multiple of 77?
False
Is 590 a multiple of 72?
False
Is 12 a factor of 1589?
False
Is 156 a factor of 11612?
False
Is 8075 a multiple of 95?
True
Is 2256 a multiple of 41?
False
Is 10149 a multiple of 91?
False
Is 13 a factor of 4896?
False
Is 5 a factor of 6380?
True
Is 176 a multiple of 13?
False
Does 20 divide 17700?
True
Does 52 divide 91?
False
Does 25 divide 6575?
True
Is 4 a factor of 232?
True
Does 36 divide 12503?
False
Is 723 a multiple of 4?
False
Is 1358 a multiple of 36?
False
Is 5175 a multiple of 45?
True
Is 2854 a multiple of 98?
False
Does 27 divide 1836?
True
Is 12 a factor of 861?
False
Is 30 a factor of 6493?
False
Does 6 divide 246?
True
Is 29 a factor of 377?
True
Does 3 divide 9701?
False
Is 9744 a multiple of 37?
False
Is 17 a factor of 102?
True
Is 32 a factor of 3200?
True
Does 6 divide 1779?
False
Is 51708 a multiple of 93?
True
Is 93 a factor of 1302?
True
Is 34 a factor of 2720?
True
Does 21 divide 2373?
True
Is 34 a factor of 1725?
False
Does 13 divide 6071?
True
Does 57 divide 10012?
False
Is 6 a factor of 1218?
True
Is 13638 a multiple of 6?
True
Is 6 a factor of 271?
False
Does 48 divide 1949?
False
Is 43217 a multiple of 39?
False
Is 9295 a multiple of 2?
False
Is 73 a factor of 3285?
True
Is 114 a factor of 9690?
True
Is 315 a multiple of 21?
True
Is 118 a factor of 8732?
True
Does 7 divide 2718?
False
Does 160 divide 70560?
True
Is 15 a factor of 1425?
True
Is 375 a multiple of 9?
False
Is 123 a factor of 22632?
True
Is 4186 a multiple of 14?
True
Does 32 divide 9760?
True
Is 72 a factor of 564?
False
Is 7308 a multiple of 20?
False
Is 140 a multiple of 2?
True
Is 957 a multiple of 12?
False
Does 306 divide 44935?
False
Does 75 divide 28039?
False
Is 64410 a multiple of 113?
True
Is 2 a factor of 506?
True
Is 3404 a multiple of 21?
False
Does 95 divide 5977?
False
Is 160 a multiple of 16?
True
Is 90 a factor of 23631?
False
Does 16 divide 8432?
True
Is 12 a factor of 277?
False
Is 55 a factor of 4290?
True
Is 2496 a multiple of 82?
False
Does 37 divide 50857?
False
Is 46 a factor of 543?
False
Is 9500 a multiple of 10?
True
Is 7 a factor of 2223?
False
Does 24 divide 168?
True
Is 61 a factor of 109?
False
Is 555 a multiple of 12?
False
Is 90 a factor of 2215?
False
Does 130 divide 43082?
False
Is 326 a factor of 3995?
False
Does 50 divide 4450?
True
Is 81 a factor of 12499?
False
Is 20423 a multiple of 55?
False
Is 10 a factor of 411?
False
Is 1970 a multiple of 12?
False
Is 1765 a multiple of 15?
False
Does 4 divide 876?
True
Does 41 divide 705?
False
Does 47 divide 7082?
False
Does 9 divide 13095?
True
Is 4807 a multiple of 23?
True
Is 756 a multiple of 28?
True
Is 10 a factor of 13906?
False
Is 5635 a multiple of 48?
False
Is 245 even?
False
Is 92 a factor of 110057?
False
Is 5379 a multiple of 19?
False
Does 10 divide 490?
True
Does 19 divide 2116?
False
Is 8515 a multiple of 13?
True
Does 2 divide 1229?
False
Does 12 divide 77213?
False
Is 130 a multiple of 13?
True
Is 29 a factor of 13240?
False
Does 2 divide 87?
False
Is 16 a factor of 2669?
False
Is 274 a factor of 45210?
True
Does 380 divide 73720?
True
Is 22990 a multiple of 22?
True
Does 21 divide 399?
True
Does 11 divide 515?
False
Is 14 a factor of 6258?
True
Is 9 a factor of 19281?
False
Is 9680 a multiple of 80?
True
Is 5320 a multiple of 152?
True
Is 1694 a multiple of 67?
False
Does 5 divide 355?
True
Is 27580 a multiple of 23?
False
Does 9 divide 62316?
True
Is 133 a factor of 2261?
True
Is 12 a factor of 2982?
False
Is 7 a factor of 1218?
True
Does 4 divide 96?
True
Is 767 a multiple of 13?
True
Is 13064 a multiple of 8?
True
Does 244 divide 42302?
False
Is 378 a multiple of 20?
False
Does 5 divide 350?
True
Is 55 a factor of 1210?
True
Is 15 a factor of 2555?
False
Is 32 a factor of 5056?
True
Is 14 a factor of 952?
True
Is 13 a factor of 15106?
True
Is 33 a factor of 10956?
True
Does 27 divide 675?
True
Does 5 divide 170?
True
Does 96 divide 2405?
False
Is 45 a multiple of 15?
True
Is 2192 a multiple of 32?
False
Is 133380 a multiple of 12?
True
Does 15 divide 16650?
True
Is 7527 a multiple of 39?
True
Is 7636 a multiple of 83?
True
Is 2645 a multiple of 113?
False
Is 274 a factor of 25989?
False
Is 206 a multiple of 52?
False
Is 4258 a multiple of 49?
False
Is 77 a factor of 17864?
True
Is 12 a factor of 380?
False
Does 71 divide 74266?
True
Does 86 divide 54954?
True
Does 5 divide 13890?
True
Is 31 a factor of 10354?
True
Is 7 a factor of 940?
False
Does 294 divide 57867?
False
Does 21 divide 42?
True
Is 3950 a multiple of 50?
True
Does 49 divide 2757?
False
Is 22 a mul